-4)/5*-5*n. Suppose -3*k = -2*b + 53, -u*b + 4*k + k = -101. Is b a prime number?
True
Let u = 8 - 8. Is -2 + 46 + u + 3 composite?
False
Let b(h) = 2*h**2. Let p be b(-1). Suppose -p*t - 18 + 80 = 0. Suppose 0*f = f - t. Is f a composite number?
False
Suppose -304 = -5*g + 226. Suppose -s + g = s. Is s a prime number?
True
Let k(z) = 5*z**2 - 3 - 5*z**2 - 2*z + 4 + z**2. Is k(-6) prime?
False
Suppose -6*d + 670 = -d. Is (2 + -5)*d/(-6) a composite number?
False
Let l be 558/((-8)/12*-3). Let d = -76 + l. Is d composite?
True
Is ((-110)/(-3))/(2/3) composite?
True
Let h(a) = a**2 - 6*a + 7. Let k be h(5). Suppose i - 4*t = 231, -5*i + t = -k*t - 1070. Is i a prime number?
True
Is 11*15 - (4 + -2) composite?
False
Suppose 136 = o - 115. Is o composite?
False
Let z(o) be the third derivative of 0*o + 1/120*o**6 - 1/30*o**5 - 2*o**2 + 0*o**3 + 1/12*o**4 + 0. Is z(3) composite?
True
Suppose 600 = 3*i + 165. Is i a prime number?
False
Let m(n) = 2*n**2 + 1. Let u be m(6). Suppose -3*y - y = -16. Suppose -2*a + y*a + u = 3*f, 4*f - a - 94 = 0. Is f composite?
False
Let v(d) = -126*d**3 - d + 1. Let c be v(1). Let z = -4 - c. Suppose -27 = 5*u - z. Is u a composite number?
False
Let f be (12/(-8))/((-1)/2). Is 110 + -3 + f + -1 composite?
False
Suppose -2501 = -4*f + 5*g, -2*f = 2*f - 4*g - 2504. Suppose 5*m - 2156 = f. Is m a prime number?
True
Suppose -4*a - 3*c = -35, -3*a + c + c + 5 = 0. Let k = a - 5. Suppose k = 3*t + m - 0*m - 101, m - 66 = -2*t. Is t prime?
False
Let q(r) = -r**3 - 10*r**2 + 5. Let f be q(-10). Suppose -130 = -5*s - f*u, -4*s - u + 4*u + 69 = 0. Suppose -4*b + b = -s. Is b composite?
False
Let j = -4 - -6. Let s be 2/(-3) + (-295)/(-15). Let z = s + j. Is z a prime number?
False
Suppose 0*s + 5*s + 5*h = 2100, -4*s = -2*h - 1674. Is s prime?
True
Let c = -4 + 3. Let g be (1 - 2)*9/c. Is (-1 - 0) + 990/g prime?
True
Suppose 2*p - 5*p - 195 = 0. Let v = -34 - p. Is v prime?
True
Let g be (1 + 1)*(0 + -1). Suppose 4*c + 3*q = 15, 0 = -c + 3*q + q - 1. Is (c - 0)/(g/(-14)) a composite number?
True
Suppose -4*j - 5*x = -2715, -x - 2745 = -7*j + 3*j. Is j a prime number?
False
Is ((-3)/6)/((-2)/3016*2) a prime number?
False
Let v be 1*2*3/2. Let j = v + -1. Suppose -5*f + h + 5 = -90, -2*f + j*h + 38 = 0. Is f a prime number?
True
Let u(x) = -2*x + 9. Let b be u(3). Let q(v) = -v + 1. Let o(f) = -18*f**2 - f + 4. Let i(s) = -o(s) + 2*q(s). Is i(b) a composite number?
False
Let u = 479 - 162. Suppose 2*x - u - 53 = 0. Is x composite?
True
Is 0 + 1986 + -5 - -2 a prime number?
False
Let m be 2/(-9) + (-4)/(-18). Suppose m = 2*l + l - 15. Suppose -l*j = -10*j + 695. Is j prime?
True
Let t(f) = -f**3 + 6*f**2 - 3*f + 8. Let b be t(6). Is 20/50 - 576/b a prime number?
False
Let g(a) = -12*a - 2. Is g(-2) a prime number?
False
Suppose 0 = -3*x - 2*w + 146, -4*x = -0*w - 2*w - 218. Let z = x + -30. Is z composite?
True
Let g be 1 + (3/3 - -3). Suppose -35 = -5*c - g*v, -2*v + 4*v + 10 = 4*c. Is c a composite number?
True
Suppose 178 - 52 = 2*q. Let o = 337 + q. Let g = o + -251. Is g composite?
False
Let b = 874 - 383. Is b a prime number?
True
Let w(h) = -31*h - 1. Let k be w(-7). Is (-1)/(1 - k/213) a composite number?
False
Suppose 2*w = -5*r + 18, -5*w + 12 + 10 = r. Suppose -r = -k - 4. Is k/2 + (59 - -1) a composite number?
False
Let k(a) = a**3 + 2*a**2 - 8*a - 7. Let u be k(-5). Suppose -3*y + 224 = w, -y + 2*y + w - 74 = 0. Let s = y + u. Is s prime?
False
Let o(h) = -3*h**3 - 4*h**2 + 6*h + 3. Is o(-7) prime?
False
Is 919/3 - 12/(-18) prime?
True
Let l(z) = 4*z**2 - 7*z + 10. Is l(4) a prime number?
False
Suppose 1 = -5*g - 4*v, -3*g - 3*v + 13 = -4*v. Suppose -g + 7 = a. Let z(y) = 8*y + 5. Is z(a) a composite number?
False
Suppose -7*t = -4*t + 66. Is t*1*92/(-8) a composite number?
True
Let t = -68 + 34. Let s = -20 - t. Is s a composite number?
True
Suppose m - 12 = -5*u, -2*m + 0 = 3*u - 3. Let r be 1/(-3 + 2) - -1. Suppose -35 = -i - r*i - 4*l, 5*i - 124 = -u*l. Is i composite?
False
Suppose -2*i - 19 = -3*i. Is i a composite number?
False
Suppose -7*o - 998 = -9*o. Is o a composite number?
False
Let g be 3/(-2)*(3 + -7). Is 4/g - (-820)/12 prime?
False
Let o = 46 + -9. Is o prime?
True
Let m be (-1 - 0) + 2 + 3. Suppose 9 + 1 = 5*i. Suppose -3*t - 3*z = -18, 0*t - i*t + m*z - 6 = 0. Is t prime?
True
Let q(s) = -64*s - 2. Let j = -10 + 6. Is q(j) a composite number?
True
Suppose 0 = 5*s - 24 + 9. Suppose s*k = -2*k - 25, n - 4*k - 44 = 0. Let g = 55 - n. Is g composite?
False
Let m(u) = u**3 + 9*u**2 - 10*u + 7. Is m(6) composite?
False
Let i(m) = m**3 + 5*m**2 + m - 4. Let r be i(-4). Let a(u) be the third derivative of 5*u**4/12 + 11*u**3/6 - u**2. Is a(r) a prime number?
False
Let v = 534 - 1042. Is 2/((-2 - 2)/v) a composite number?
True
Suppose -4*l - 426 = -5*s - 0*l, 2*s - l - 168 = 0. Let k = 711 + s. Suppose 0 = w + 2*v - 153, -2*v - v + k = 5*w. Is w composite?
True
Let f be (87/2)/(3/24). Let m be 10/35 - f/(-7). Suppose -m = -5*b - 0*b. Is b a composite number?
True
Suppose 5*a = 4*z - 13, 2*z - 5*a = 16 - 7. Is 52/(-2 - z)*-1 a composite number?
False
Let t be ((-350)/6 + 1)*-3. Suppose 2*w = 5*i - 2403, -i + 635 = 4*w + t. Is i prime?
True
Suppose -2*r = -0*s + 2*s - 246, -4*r = 2*s - 246. Let m = s + -83. Let d = m + -5. Is d a composite number?
True
Let n be (0 - 0)/(-7 - -9). Suppose n = 5*g + 3*i - 85, 0 = 4*g + 4*i - i - 71. Is g composite?
True
Let u = -44 - -97. Is u composite?
False
Let f(p) = 3*p + 5. Let h(o) = -16*o - 24. Let r(a) = 11*f(a) + 2*h(a). Is r(6) prime?
True
Suppose -5*b + 63 = -572. Suppose -b = -2*w + 3*l, 131 = 2*w + 3*l - 2*l. Is w a composite number?
True
Suppose 0*h + 2*h = 3*l + 55, 31 = h - 5*l. Suppose 2*v - h + 0 = 0. Is v composite?
False
Let z = -4 - -2. Let d be 2 + -1 + (z - -5). Let w(i) = 11*i + 3. Is w(d) prime?
True
Suppose -6*z + 4*f = -2*z - 396, -226 = -2*z - 5*f. Is z prime?
True
Let t = -872 + 2719. Is t composite?
False
Let j = 5 - 17. Let r be 0 + -2 + (0 - j). Suppose 2*s - s - r = 0. Is s prime?
False
Let s be (-5 - -5)/(2*-1). Is (-74)/(0 - s - 2) a prime number?
True
Suppose 0 = -4*n - 5*c - 1662, 452 + 785 = -3*n + c. Is (n/(-2))/(2/4) prime?
False
Let x be 55/15 + 4/(-6). Let n = x + 48. Is n a prime number?
False
Suppose 5*d - 3*d - 4 = 0. Suppose d*o + 12 = -2*o. Is o*(-17)/(1 - 0) composite?
True
Suppose 3*q - 6*q = -12. Let u(w) = 2*w - 5 + w**2 - 4*w + q*w. Is u(-5) a prime number?
False
Let l(q) = -2*q**3 - 8*q**2 - 5*q - 6. Let v be (20/(-12))/((-2)/(-6)). Is l(v) a composite number?
True
Let j(h) = -h**3 - 4*h**2 + 10*h + 1. Let b be j(-8). Let k = b - 106. Let u = -36 + k. Is u prime?
False
Let p = 2 + 8. Is 843/5 - p/(-25) a prime number?
False
Let i be (-2)/(-8) + 30/40. Is (-711)/(-9) + (-1 - i) prime?
False
Suppose 4*h + 226 = 10. Let o = 131 + h. Is o composite?
True
Is (-9)/(27/(-490)) - 1/3 a composite number?
False
Let l(p) = -32*p - 1. Is l(-7) a composite number?
False
Let a(g) = -2*g**2 + g**3 - g + 4*g - 8 - 7*g**2. Let q be ((-126)/35)/(2/(-5)). Is a(q) composite?
False
Suppose -30618 = -7*o + o. Suppose -4*i + o + 1249 = -4*s, 0 = 2*i - s - 3173. Is i a prime number?
False
Let p(b) = b**3 + 6*b**2 - 2*b + 3. Let q be 0 + -1 - (-5 - -9). Let l be p(q). Let v = l + -7. Is v composite?
False
Let x = -1105 - -2994. Is x prime?
True
Suppose p - 4*i + 18 - 165 = 0, -p + 172 = i. Is p a prime number?
True
Let s(y) be the first derivative of y**4/4 + 7*y**3/3 + 3*y**2 + 2*y + 4. Is s(-5) prime?
False
Is 41775/75*(1*-1 - -2) prime?
True
Let j(w) = 137*w**2 - 1. Let y be j(1). Let k = y + -78. Is k a composite number?
True
Let a be (-2)/6*147/(-7). Let m(p) be the first derivative of 4*p**3/3 - 4*p**2 + 5*p + 2. Is m(a) a prime number?
False
Suppose 5*p + 3785 = 10*p. Is p prime?
True
Let x = 767 + -409. Is x prime?
False
Let h(j) = j**3 - 4*j**2 + 5. Let t = 12 - 8. Let w be h(t). Suppose -174 = -w*l + 2*l. Is l a composite number?
True
Let l be 40/(-6)*(-1878)/8. Suppose 25 = -5*h, l = 2*o + o - 4*h. Is o a composite number?
True
Let m(k) = k + 18. Let d be m(-12). Let g(c) be the first derivative of c**4/4 - 2*c**3/3 + c**2 - 7*c - 1. Is g(d) a composite number?
False
Let m = 124 + 26. Suppose 0*f - m = -5*f. Suppose -j - 4 = -f. Is j